er when 600 is divided by 218.
164
What is the remainder when 71 is divided by 18?
17
Calculate the remainder when 866 is divided by 268.
62
Calculate the remainder when 375 is divided by 13.
11
Calculate the remainder when 131 is divided by 23.
16
Calculate the remainder when 95 is divided by 24.
23
What is the remainder when 120 is divided by 61?
59
What is the remainder when 81 is divided by 14?
11
What is the remainder when 305 is divided by 84?
53
Calculate the remainder when 3354 is divided by 60.
54
Calculate the remainder when 312 is divided by 16.
8
What is the remainder when 263 is divided by 133?
130
What is the remainder when 388 is divided by 44?
36
Calculate the remainder when 415 is divided by 105.
100
Calculate the remainder when 243 is divided by 88.
67
What is the remainder when 258 is divided by 54?
42
Calculate the remainder when 304 is divided by 43.
3
Calculate the remainder when 26562 is divided by 35.
32
What is the remainder when 10787 is divided by 186?
185
What is the remainder when 247 is divided by 61?
3
What is the remainder when 211 is divided by 24?
19
What is the remainder when 1065 is divided by 168?
57
Calculate the remainder when 242 is divided by 83.
76
Calculate the remainder when 125 is divided by 115.
10
Calculate the remainder when 163 is divided by 129.
34
Calculate the remainder when 184 is divided by 39.
28
Calculate the remainder when 862 is divided by 148.
122
What is the remainder when 2180 is divided by 156?
152
Calculate the remainder when 162 is divided by 151.
11
Calculate the remainder when 1704 is divided by 7.
3
Calculate the remainder when 7136 is divided by 61.
60
Calculate the remainder when 69 is divided by 31.
7
What is the remainder when 258 is divided by 33?
27
What is the remainder when 4157 is divided by 297?
296
Calculate the remainder when 8213 is divided by 26.
23
Calculate the remainder when 53733 is divided by 55.
53
What is the remainder when 2986 is divided by 49?
46
What is the remainder when 141 is divided by 40?
21
Calculate the remainder when 160 is divided by 27.
25
What is the remainder when 87 is divided by 70?
17
What is the remainder when 13868 is divided by 201?
200
Calculate the remainder when 151 is divided by 39.
34
Calculate the remainder when 112 is divided by 29.
25
What is the remainder when 2659 is divided by 28?
27
What is the remainder when 669 is divided by 7?
4
Calculate the remainder when 9 is divided by 1.
0
Calculate the remainder when 10 is divided by 3.
1
What is the remainder when 243 is divided by 58?
11
Calculate the remainder when 285 is divided by 75.
60
What is the remainder when 96 is divided by 34?
28
Calculate the remainder when 348 is divided by 109.
21
What is the remainder when 571 is divided by 36?
31
Calculate the remainder when 589 is divided by 16.
13
What is the remainder when 1218 is divided by 253?
206
What is the remainder when 5367 is divided by 10?
7
Calculate the remainder when 399 is divided by 121.
36
What is the remainder when 3698 is divided by 528?
2
Calculate the remainder when 210 is divided by 50.
10
What is the remainder when 50 is divided by 9?
5
Calculate the remainder when 141 is divided by 45.
6
Calculate the remainder when 3459 is divided by 20.
19
What is the remainder when 45 is divided by 32?
13
What is the remainder when 268 is divided by 45?
43
Calculate the remainder when 823 is divided by 18.
13
What is the remainder when 149 is divided by 27?
14
What is the remainder when 9079 is divided by 38?
35
Calculate the remainder when 569 is divided by 47.
5
What is the remainder when 111 is divided by 36?
3
What is the remainder when 67 is divided by 28?
11
What is the remainder when 199 is divided by 29?
25
What is the remainder when 613 is divided by 123?
121
Calculate the remainder when 574 is divided by 280.
14
Calculate the remainder when 1055 is divided by 3.
2
Calculate the remainder when 105 is divided by 58.
47
Calculate the remainder when 437 is divided by 26.
21
Calculate the remainder when 1101 is divided by 138.
135
Calculate the remainder when 322 is divided by 21.
7
What is the remainder when 2441 is divided by 33?
32
What is the remainder when 425 is divided by 24?
17
Calculate the remainder when 736 is divided by 306.
124
What is the remainder when 130 is divided by 27?
22
What is the remainder when 330 is divided by 160?
10
What is the remainder when 122 is divided by 35?
17
What is the remainder when 485 is divided by 15?
5
Calculate the remainder when 468 is divided by 41.
17
What is the remainder when 746 is divided by 190?
176
Calculate the remainder when 68 is divided by 24.
20
What is the remainder when 592 is divided by 27?
25
Calculate the remainder when 1405 is divided by 64.
61
Calculate the remainder when 958 is divided by 309.
31
Calculate the remainder when 792 is divided by 15.
12
What is the remainder when 245 is divided by 4?
1
Calculate the remainder when 228 is divided by 50.
28
What is the remainder when 1369 is divided by 35?
4
Calculate the remainder when 142 is divided by 52.
38
Calculate the remainder when 501 is divided by 150.
51
Calculate the remainder when 134 is divided by 71.
63
Calculate the remainder when 625 is divided by 63.
58
What is the remainder when 108 is divided by 56?
52
What is the remainder when 695 is divided by 8?
7
Calculate the remainder when 123 is divided by 14.
11
Calculate the remainder when 35 is divided by 21.
14
Calculate the remainder when 305 is divided by 22.
19
Calculate the remainder when 1898 is divided by 95.
93
What is the remainder when 15055 is divided by 16?
15
What is the remainder when 8313 is divided by 77?
74
What is the remainder when 1839 is divided by 184?
183
Calculate the remainder when 2257 is divided by 1081.
95
What is the remainder when 820 is divided by 37?
6
Calculate the remainder when 874 is divided by 73.
71
Calculate the remainder when 417 is divided by 201.
15
What is the remainder when 170 is divided by 19?
18
What is the remainder when 95 is divided by 16?
15
Calculate the remainder when 643 is divided by 72.
67
What is the remainder when 215 is divided by 12?
11
Calculate the remainder when 215 is divided by 24.
23
What is the remainder when 198 is divided by 5?
3
What is the remainder when 3705 is divided by 103?
100
What is the remainder when 477 is divided by 15?
12
Calculate the remainder when 586 is divided by 148.
142
Calculate the remainder when 396 is divided by 38.
16
What is the remainder when 248 is divided by 73?
29
Calculate the remainder when 3747 is divided by 30.
27
What is the remainder when 69 is divided by 8?
5
Calculate the remainder when 38 is divided by 36.
2
What is the remainder when 16662 is divided by 19?
18
What is the remainder when 13550 is divided by 154?
152
What is the remainder when 86 is divided by 33?
20
What is the remainder when 8 is divided by 3?
2
What is the remainder when 1543 is divided by 383?
11
What is the remainder when 7750 is divided by 6?
4
What is the remainder when 131 is divided by 17?
12
What is the remainder when 118 is divided by 60?
58
What is the remainder when 1198 is divided by 396?
10
What is the remainder when 404 is divided by 178?
48
Calculate the remainder when 62 is divided by 17.
11
What is the remainder when 246 is divided by 86?
74
What is the remainder when 618 is divided by 24?
18
Calculate the remainder when 1333 is divided by 132.
13
Calculate the remainder when 296 is divided by 63.
44
What is the remainder when 427 is divided by 103?
15
What is the remainder when 175 is divided by 82?
11
Calculate the remainder when 1528 is divided by 59.
53
Calculate the remainder when 73 is divided by 32.
9
Calculate the remainder when 619 is divided by 31.
30
Calculate the remainder when 317 is divided by 18.
11
Calculate the remainder when 3364 is divided by 102.
100
Calculate the remainder when 29 is divided by 10.
9
What is the remainder when 1219 is divided by 390?
49
Calculate the remainder when 358 is divided by 131.
96
What is the remainder when 9229 is divided by 440?
429
What is the remainder when 1054 is divided by 525?
4
Calculate the remainder when 4318 is divided by 49.
6
What is the remainder when 197 is divided by 89?
19
What is 